ded by 6647.
858
Calculate the remainder when 495641 is divided by 659.
73
What is the remainder when 1588869 is divided by 18915?
9
What is the remainder when 44351 is divided by 1847?
23
What is the remainder when 106401 is divided by 532?
1
What is the remainder when 13584577 is divided by 19187?
181
What is the remainder when 7489682 is divided by 11832?
26
What is the remainder when 22773476 is divided by 159255?
11
What is the remainder when 118123 is divided by 19675?
73
What is the remainder when 2467239 is divided by 211?
16
What is the remainder when 53774 is divided by 17921?
11
What is the remainder when 942734 is divided by 58920?
14
What is the remainder when 200967 is divided by 2183?
131
What is the remainder when 14152063 is divided by 157245?
13
Calculate the remainder when 11297 is divided by 5609.
79
What is the remainder when 380401 is divided by 645?
496
What is the remainder when 7595992 is divided by 48?
40
Calculate the remainder when 51936323 is divided by 175.
173
Calculate the remainder when 1045229 is divided by 2472.
2045
Calculate the remainder when 41740 is divided by 2781.
25
Calculate the remainder when 47356562 is divided by 1909.
1908
What is the remainder when 17268227 is divided by 5195?
47
What is the remainder when 18435697 is divided by 2304457?
41
Calculate the remainder when 182463008 is divided by 6757889.
5
What is the remainder when 73950728 is divided by 26?
20
What is the remainder when 238366143 is divided by 245?
8
What is the remainder when 2870286 is divided by 339?
312
Calculate the remainder when 297398 is divided by 5439.
3692
Calculate the remainder when 26151961 is divided by 358246.
3
Calculate the remainder when 96110 is divided by 167.
85
What is the remainder when 459329 is divided by 20877?
35
What is the remainder when 18697 is divided by 5891?
1024
Calculate the remainder when 419484 is divided by 70.
44
Calculate the remainder when 11139434 is divided by 30.
14
Calculate the remainder when 594053 is divided by 67.
31
What is the remainder when 269408 is divided by 89574?
686
Calculate the remainder when 336834 is divided by 2067.
1980
Calculate the remainder when 4147602 is divided by 285.
282
What is the remainder when 42040574 is divided by 461984?
30
Calculate the remainder when 19652508 is divided by 98.
78
Calculate the remainder when 703530 is divided by 140701.
25
Calculate the remainder when 253619 is divided by 126057.
1505
Calculate the remainder when 175410 is divided by 2.
0
Calculate the remainder when 102908 is divided by 1191.
482
Calculate the remainder when 1916451 is divided by 684.
567
What is the remainder when 3034581 is divided by 1385?
46
What is the remainder when 216092 is divided by 2092?
616
Calculate the remainder when 20888769 is divided by 664.
657
Calculate the remainder when 3919248 is divided by 22.
14
Calculate the remainder when 616235 is divided by 32.
11
Calculate the remainder when 133559 is divided by 11092.
455
What is the remainder when 74689 is divided by 673?
659
Calculate the remainder when 27068827 is divided by 817.
800
What is the remainder when 21532791 is divided by 38728?
23
What is the remainder when 37381641 is divided by 35?
31
What is the remainder when 12789 is divided by 4135?
384
Calculate the remainder when 69139 is divided by 8621.
171
Calculate the remainder when 15844721 is divided by 21.
11
What is the remainder when 2013850 is divided by 1006865?
120
Calculate the remainder when 2280446 is divided by 15.
11
Calculate the remainder when 181670905 is divided by 22.
9
What is the remainder when 252694636 is divided by 6908?
6904
Calculate the remainder when 8465831 is divided by 66.
11
What is the remainder when 298185 is divided by 5119?
1283
Calculate the remainder when 1185147 is divided by 26855.
3527
What is the remainder when 486311 is divided by 1515?
1511
Calculate the remainder when 2605727 is divided by 19.
10
What is the remainder when 54328 is divided by 8204?
5104
What is the remainder when 2979967 is divided by 37713?
640
Calculate the remainder when 147949 is divided by 217.
172
What is the remainder when 16315192 is divided by 776913?
19
What is the remainder when 7201765 is divided by 49?
39
What is the remainder when 4469 is divided by 1103?
57
Calculate the remainder when 494829614 is divided by 5.
4
Calculate the remainder when 475771 is divided by 865.
21
What is the remainder when 1765980 is divided by 21?
6
Calculate the remainder when 668350 is divided by 19633.
828
What is the remainder when 9539815 is divided by 69129?
13
Calculate the remainder when 309702 is divided by 154542.
618
Calculate the remainder when 10805961 is divided by 32.
9
What is the remainder when 43235 is divided by 1968?
1907
Calculate the remainder when 10365341 is divided by 17.
16
What is the remainder when 1660523 is divided by 2909?
2393
What is the remainder when 264117 is divided by 86?
11
What is the remainder when 80874397 is divided by 177?
88
What is the remainder when 750885 is divided by 187718?
13
Calculate the remainder when 3718356 is divided by 531183.
75
What is the remainder when 83052136 is divided by 1370?
1366
Calculate the remainder when 133307369 is divided by 918.
917
What is the remainder when 4862946 is divided by 6424?
6402
Calculate the remainder when 1693635 is divided by 423384.
99
Calculate the remainder when 794522693 is divided by 836.
833
What is the remainder when 368449 is divided by 208?
81
Calculate the remainder when 1793126 is divided by 249.
77
What is the remainder when 42738323 is divided by 8?
3
What is the remainder when 50360583 is divided by 41?
37
Calculate the remainder when 499545 is divided by 17.
0
Calculate the remainder when 11691378 is divided by 835098.
6
Calculate the remainder when 1112359 is divided by 7833.
73
Calculate the remainder when 36691 is divided by 1626.
919
Calculate the remainder when 1504833 is divided by 36.
33
What is the remainder when 11346619 is divided by 306664?
51
What is the remainder when 420349405 is divided by 5759?
5754
What is the remainder when 39254 is divided by 224?
54
What is the remainder when 4548628 is divided by 88?
84
Calculate the remainder when 246743 is divided by 128.
87
Calculate the remainder when 11661895 is divided by 66.
25
What is the remainder when 802032 is divided by 689?
36
Calculate the remainder when 1348431 is divided by 67412.
191
What is the remainder when 611236 is divided by 2073?
1774
Calculate the remainder when 299456315 is divided by 278.
275
Calculate the remainder when 521117 is divided by 57866.
323
Calculate the remainder when 784820 is divided by 14006.
484
What is the remainder when 578610 is divided by 26297?
76
Calculate the remainder when 25936 is divided by 2373.
2206
What is the remainder when 88830 is divided by 146?
62
Calculate the remainder when 3953643 is divided by 359422.
1
Calculate the remainder when 4013435 is divided by 29295.
20
Calculate the remainder when 837144 is divided by 23918.
14
What is the remainder when 59132 is divided by 252?
164
Calculate the remainder when 293999 is divided by 4665.
104
What is the remainder when 556773 is divided by 3437?
3416
Calculate the remainder when 311109 is divided by 77679.
393
Calculate the remainder when 247918 is divided by 245708.
2210
What is the remainder when 197184 is divided by 10954?
12
What is the remainder when 11047800 is divided by 3460?
20
Calculate the remainder when 4893 is divided by 189.
168
Calculate the remainder when 1122942 is divided by 3823.
2803
What is the remainder when 55456276 is divided by 21722?
10
Calculate the remainder when 92404 is divided by 832.
52
What is the remainder when 4778653 is divided by 56218?
123
Calculate the remainder when 101396160 is divided by 1179025.
10
Calculate the remainder when 1195426 is divided by 80.
66
What is the remainder when 55189 is divided by 936?
901
What is the remainder when 181877 is divided by 918?
113
Calculate the remainder when 55070672 is divided by 36.
32
What is the remainder when 4968566 is divided by 6733?
6345
What is the remainder when 486774 is divided by 500?
274
What is the remainder when 10602 is divided by 392?
18
Calculate the remainder when 2119